).
-3
Let j(o) be the third derivative of 5*o**4/12 - 7*o**2. Give j(1).
10
Let z(q) = q**3 - q**2 + 1. Let d(y) = 3*y + 3. Let r(u) = -3*u - 4. Let a(f) = -4*d(f) - 3*r(f). Let l be a(-2). Let s = l + -7. Give z(s).
-1
Let u = 2 + 0. Let n(q) = u*q**2 - 4*q**2 - q**2 - q + 2*q**2. What is n(1)?
-2
Let m(b) = b**3 - 6*b**2 - b - 1. Suppose -2*r + 93 = 2*r - 5*t, 0 = -5*r - 5*t + 60. Suppose 3*n = -0*n - w + 13, 2*n - w - r = 0. Calculate m(n).
-7
Let v(h) = -h**3 + 2*h - 1. Let r(t) be the third derivative of -t**4/12 - t**3 + t**2. Let u be r(-4). Let z be 1 - (u + -1)*-1. Give v(z).
-5
Let a(u) = u - u**2 + 2*u - 7 - 11*u. Calculate a(-6).
5
Let u(l) = -l**3 - 8*l**2 - 11. Let d(q) = 2*q - 42. Let w be d(17). Give u(w).
-11
Let u(g) = g**3 - 4*g**2 - 5*g + 1. Let f be u(5). Let h(d) = -d**2 - 1. Calculate h(f).
-2
Let r(m) = 4*m + 0*m - 1 - m. Let q(d) = -d - 8. Let v be q(-7). What is r(v)?
-4
Let k(r) be the third derivative of -7/60*r**5 + 0*r**4 + 0 - r**2 + 0*r**3 + 0*r. Calculate k(1).
-7
Let p(g) be the third derivative of g**4/24 - g**3/6 - 5*g**2. Give p(3).
2
Let q(d) = -7*d**3 + 2*d**2 + 6*d + 5. Let m(b) = 6*b**3 - 2*b**2 - 7*b - 6. Let o(g) = 5*m(g) + 6*q(g). Calculate o(-1).
13
Let s(p) be the first derivative of 2*p**2 - 35. Give s(-1).
-4
Suppose -2*l = -3*l. Let r(b) = 6*b - 7*b - 3 + l. Calculate r(-4).
1
Let a(w) = -w**3 - 6*w**2 + 6*w - 6. Suppose 4 = -d - 3. Calculate a(d).
1
Let w(a) be the third derivative of a**5/60 + a**4/4 - 5*a**3/6 + 37*a**2. Determine w(-5).
-10
Let d(b) be the first derivative of b**2/2 - 5. Give d(3).
3
Let r(c) = 6*c**3 - c + 1. Let w(u) = u**3 - 9*u**2 - 3. Let s be w(9). Let g be (s - -1) + (-2 - -4). Suppose -5*z + z + 4 = g. Determine r(z).
6
Suppose 2*m + 2*m = 0. Suppose m - 2 = 2*q. Let r(s) = 5*s**3 - s**2 - s. Give r(q).
-5
Let h(o) = -6*o - 7*o - 5*o + 12*o + 1. Give h(1).
-5
Let n(b) = b**2 - 2*b + 1. Let p(h) = h. Let o(l) = -n(l) - 3*p(l). What is o(-2)?
-3
Suppose 0 = -2*d + 2*u + 6, -5*d + u + 9 = -14. Suppose 0 = -2*j + 6, -3*k = -2*j + 4 + d. Let p(q) = -3 + 0 + 2*q + 8*q**2 + 4. Calculate p(k).
7
Let u(t) be the second derivative of -t**5/20 + t**4/12 - 6*t**2 - 12*t. Give u(0).
-12
Let i(b) = -b**3 - 5*b**2 - 2*b + 2. Let d be 3 + -1 + 4/4. Suppose 4*z = 3*v - 4, -d - 1 = v. Determine i(z).
-6
Let x = -129 + 133. Let r(u) = u**2 - 4*u - 1. Give r(x).
-1
Let d(q) = 2*q - 1. Let a(z) = -z. Let k = -11 + 16. Suppose 2*j + 6*f - 6 = 2*f, -k*f = 2*j - 6. Let u be a(j). Determine d(u).
-7
Let g(b) be the second derivative of -b**4/12 + 25*b. Give g(2).
-4
Suppose 3*p + 3 = 18. Let a(i) = 0*i + i**2 + p*i + i + 0*i - 5. Determine a(-7).
2
Let u(d) = d**3 + 8*d**2 - 2*d - 12. Let l be (-36)/60 + (-37)/5. What is u(l)?
4
Let l(k) = 2*k + 3. Let v be l(-4). Let x(q) be the second derivative of q**5/20 + q**4/3 - q**3/2 + 7*q**2/2 + 4*q. What is x(v)?
-3
Let o be 0/(-3 + 2 - 1). Let k(u) = u**2 - u - 6. Determine k(o).
-6
Let q(r) be the first derivative of -r**5/120 - r**4/8 - 7*r**3/3 + 4. Let v(z) be the third derivative of q(z). Calculate v(3).
-6
Let s(w) = -1 - 3*w**3 - 2*w - 8*w**3 - 9*w**3 - w**2. Determine s(-1).
20
Let i(g) be the second derivative of g**4/12 - g**3/2 - g**2 - 24*g. Suppose -2*h + 5*h - 6 = 0. Calculate i(h).
-4
Let u = 24 + -16. Let v = u - 2. Let z(h) = h. Determine z(v).
6
Suppose 5*m + 5 = 5*h, -4*h - 13 = 3*m + 18. Let s(x) be the first derivative of 7*x + 1/2*x**2 + 1. What is s(m)?
2
Let g be (3 - 9/3) + 1. Let h(n) = n + 1. Let j be h(0). Let r(z) = 3 + 3*z**2 - j - 2*z**2 - 1. What is r(g)?
2
Let z(g) be the first derivative of -g**6/360 - g**5/60 + g**4/24 - 2*g**3/3 - 4. Let x(o) be the third derivative of z(o). Determine x(-4).
-7
Let v(f) = -10*f - 6. Let u(k) = 2*k + 1. Let c(z) = -11*u(z) - 2*v(z). What is c(-2)?
5
Let r(n) = n**2 + 2*n - 4. Let f = -8 + 12. Suppose -4 = -3*l + f*l. Determine r(l).
4
Suppose -5*x - 7 = -4*x. Let r(t) = -t**2 - 10*t - 6. Let l(k) = -3*k**2 - 31*k - 19. Let f(o) = 2*l(o) - 7*r(o). Calculate f(x).
-3
Let i(r) = 5*r. Let t(w) = w. Let m(d) = -4*d. Let h(o) = -m(o) - 6*t(o). Let j(p) = -11*h(p) - 4*i(p). Determine j(2).
4
Let j(f) = -f**3 + 14*f**2 + 31*f + 16. Let y be j(16). Let u(m) be the first derivative of m**4/4 + m**3/3 - m**2/2 + m - 1. Determine u(y).
1
Suppose -k + 0 + 1 = 0. Let f(d) = 2*d**3 + 4*d**2 + 3*d - 4. Let c(r) = -r**3 - 5*r**2 - 4*r + 5. Let a(z) = 4*c(z) + 5*f(z). Give a(k).
5
Let f(h) = 4*h**2 - 3*h. Let c(y) = -5*y**2 + 4*y + 1. Let v(j) = 3*c(j) + 4*f(j). Calculate v(0).
3
Suppose 28 = -4*l - 4*c, -4*c - 15 = l - c. Let f(y) = 2 + y**3 - 5 + 4*y**2 - 2*y**2 - 2*y. Calculate f(l).
-6
Suppose -2*z - 10 = -4*g, -2*g = 2*z + 10 - 0. Let p(f) = -f - 10. Calculate p(z).
-5
Suppose -5*p - 12 = -5*b + 23, 5*b = 10. Let m(k) be the third derivative of -k**5/120 - k**3/3 + k**2. Let f(l) be the first derivative of m(l). What is f(p)?
5
Let i(p) = -p - 10. Let j be i(-6). Let b(k) = k**3 + 2*k**2 - 4*k - 1. Calculate b(j).
-17
Let z(s) = -s**2 - 6*s - 3. Let o = -16 + 11. Let v be z(o). Suppose 0 = -4*q - v + 6. Let w(u) = 5*u - 1. What is w(q)?
4
Let i = 3 - 3. Let w(z) = -z + 1. Calculate w(i).
1
Let s(n) = 6*n**3 - 16 + 5*n**2 - 2*n**3 + 3*n - 3*n**3 + 12. Give s(-3).
5
Let b(a) = 2*a**3 - 2*a + 1. Suppose z + 3 = 8. Suppose n = z*n - 16. Suppose -n*f = 20, -5*f + f - 22 = -2*q. Calculate b(q).
1
Let t(i) = -i + 3. Let h be t(-6). Let m(w) = -w + 17. Calculate m(h).
8
Let r be (0 + 1)*(1 - -2). Suppose -62 = -5*c + r. Let f be (-2)/8 - c/(-4). Let i(q) = -q + 1. Determine i(f).
-2
Let h(w) = 4*w - 62. Let y be h(17). Let n(d) = d**3 - 5*d**2 - 8*d + 8. Determine n(y).
-4
Let p(h) = -h**2 + 4*h + 1. Suppose 2*z - 4 = -0. What is p(z)?
5
Suppose j - 37 = 4*n, -9 = 4*n + 3*j + 8. Let o = n + 5. Let d(v) = -1. Let a(k) = -k**3 - 4*k**2 - 2*k. Let p(s) = -a(s) + 3*d(s). Give p(o).
0
Let t be (-1)/4 + 1170/72. Let q = t - 10. Let o(i) = 2*i - 6. What is o(q)?
6
Suppose 1 = -p + 2. Suppose 3*r + 3*w - 36 = 0, 79 = 3*r - 3*w + 25. Let c(d) = r + 2*d - 15. Determine c(p).
2
Let t be 15/((3/1)/(-3)). Let r be 3*1 + 45/t. Let c(x) = x - 5. Calculate c(r).
-5
Let g(i) be the third derivative of -i**6/40 - i**4/24 + 2*i**2. Suppose 2*t = 3*w + 7 - 6, 1 = 2*w - 3*t. What is g(w)?
4
Let r be -2 + (-7)/(14/(-12)). Suppose 0 = -r*d + 3*d - 6. Let f(m) = m**3 + 7*m**2 + 7*m - 5. Calculate f(d).
-11
Let a(v) = -v**2 + 8*v. Let g(j) = j**2 + 4*j + 3. Let o be g(-5). Let y be a(o). Let x be (y/(1 + 0))/1. Let s(n) = -n**3 + n**2 - n - 9. Calculate s(x).
-9
Suppose 0 = 3*y + 2 + 28. Let k be (-4)/y - 56/(-10). Let c(i) = i**3 - 7*i**2 + 4*i + 6. Calculate c(k).
-6
Let j(d) = -3*d + 2. Let k(i) = 2*i - 1. Let l(q) = 4*j(q) + 5*k(q). Let v(r) = -r**2 + 9*r - 12. Let b be v(9). Let s be (b/(-9))/((-2)/(-3)). Determine l(s).
-1
Let q = 5 - 4. Let c(g) = -10*g + 1. Let x(u) = -11*u + 1. Let n(o) = -5*c(o) + 4*x(o). What is n(q)?
5
Let t(o) = o - 7. Let g(j) = j. Let c(u) = 2*g(u) - t(u). Suppose 0 = -d - 6 + 6. Give c(d).
7
Let b(u) = 3*u. Let o(j) = -j. Let s(q) = -6*b(q) - 17*o(q). Give s(-2).
2
Let j(r) = 3*r**2 - 1. Suppose 3*o + 3*k = -15, -o - o - 13 = 3*k. What is j(o)?
11
Suppose 2*j = -q + 1 - 12, -18 = 4*j - 2*q. Let y(b) be the first derivative of 1/3*b**3 + 2*b**2 + 5*b + 6. Determine y(j).
10
Let w be (-1)/(-1*(-3)/15). Let t(p) = -7*p**3 + 4*p**2 + 7*p + 6. Let y(q) = -8*q**3 + 5*q**2 + 8*q + 7. Let r(h) = w*y(h) + 6*t(h). What is r(2)?
-15
Suppose 0*f + 2*f - 6 = 0, -3*r - 5*f = -27. Suppose 5*a = 2*n - 30, -a - 20 = r*a. Let t(m) = -m**3 + 6*m**2 - 5*m - 7. Determine t(n).
-7
Let i = 11 + -9. Let c(s) = -2*s - 8*s + s + i*s. Calculate c(2).
-14
Let n(g) = g**3 - 2*g**2 - g + 2. Let q = -16 + 14. Give n(q).
-12
Let a(n) = -n**2 + 5*n - 4. Let g(z) = -2*z**2 + 6*z - 5. Let s(u) = -3*a(u) + 2*g(u). Determine s(-3).
2
Let r(f) = -f**3 + 7*f**2 - 10*f + 20. Let u be r(6). Let s(a) = a**2 + 3*a + 3. What is s(u)?
7
Let q be 6/18 - (-4)/6. Let l(o) be the third derivative of -o**6/24 - o**5/60 - o**4/24 + o**3/6 - 2*o**2. Calculate l(q).
-6
Let t = 0 + -1. Let i(a) = a**3 - 3*a**2 - 10*a + 6. Let k(f) = -f**2 - f + 1. Let u(y) = t*i(y) + 5*k(y). Give u(-4).
11
Let g(p) = 11*p**2 + p + 1. Suppose -o - 3*b + 14 